d by 19?
10
Suppose -2*n + 262 = -0. What is the remainder when n is divided by 1 + 0 - (-23 + 2 + -7)?
15
Let k(i) = -43*i. Let u be k(1). Let o = u + 46. Suppose -3*l = 3*n - 0*l - 24, -5*n + o*l = -56. Calculate the remainder when 67 is divided by n.
7
Let h(s) = s**3 - 23*s**2 + 2*s + 16. Calculate the remainder when 205 is divided by h(0).
13
Let o(r) = 11*r**3 + 4*r**2 - 6*r + 2. Let w(g) = -2*g**3 + g - 1. Let d(x) = o(x) + 5*w(x). What is the remainder when (3 + -9)/(-2) + -2 is divided by d(-4)?
0
Let w be 1794/48 - (-3)/(-8). Let t be w + (0 + 12)/(-3). Calculate the remainder when (-44)/t - (-1)/3*61 is divided by 11.
8
Calculate the remainder when (26/13 - (-39)/(-15))*-180 is divided by 74.
34
Suppose 0 = 5*u - 165 - 1425. Let j = u - 296. Calculate the remainder when 86 is divided by j.
20
Suppose -48*g + 39402 = 570. Calculate the remainder when g is divided by 69.
50
Suppose -1593 = -2*d - 5*a, 0 = -133*d + 131*d - 4*a + 1596. What is the remainder when d is divided by 62?
60
Let x(q) = q**2 - 2*q - 4. Suppose -2*p + 176 = -2*s, -s + 1 + 160 = 2*p. Calculate the remainder when p is divided by x(-6).
39
Suppose -t = -4*d + 86, 203*d = 206*d - 2*t - 77. Let j(q) = 25*q**2 + 2*q + 3. Calculate the remainder when j(4) is divided by d.
12
Let c be (-1*6/(-4)*26)/3. Let a = c + 0. Suppose 86 = 2*f - 66. What is the remainder when f is divided by a?
11
Suppose -244*i + 60*i = -100280. What is the remainder when i is divided by 58?
23
Let h(p) = -p**2 - p + 6. Let y(j) = -23*j**2 + 1491*j + 272. What is the remainder when y(65) is divided by h(0)?
0
Suppose -102 = 6*j + 480. Let o(y) = 10*y + 5. Let f be o(-19). Let q = j - f. What is the remainder when q is divided by 18?
16
Suppose 2*p = 8*p - 132. Suppose 0 = 2*u + 2*u + 3*m - 5, 5*m + 5 = 0. What is the remainder when (-86)/((2 - 1 - u)*2) is divided by p?
21
Let a(d) = 74*d - 35 - 6*d - 28*d - 4. Calculate the remainder when a(9) is divided by 25.
21
Let c(g) = -g**2 - 37*g + 87. Calculate the remainder when c(-21) is divided by 204.
15
Let x(w) = 4*w**3 - 4*w + 5. Let p be x(-3). What is the remainder when 0 - (-1)/(-2) - p/2 is divided by -2 + (-5 - -2)*-3?
3
Let h = 281 + -323. Calculate the remainder when ((-8)/(-10))/(h/(-5040)) is divided by 11.
8
Let u(h) = h**2 + 13*h + 39. Let f be u(-4). Suppose 5*i = -2*b + 105, -3*i + f*b + 10 = -32. Calculate the remainder when 108 is divided by i.
13
Let i(k) = k**2 + 458*k + 488. Calculate the remainder when i(0) is divided by 63.
47
Let y = 1628 - 1182. Calculate the remainder when y is divided by 111.
2
Let f(k) = k**2 + 8*k - 662. What is the remainder when f(-60) is divided by 1228?
2
Let k(g) = g**3 + 6*g**2 - 2*g - 7. Suppose 181*t - 318*t + 9454 = 3974. Calculate the remainder when t is divided by k(-5).
12
Let g(l) = 13*l + 50. Let n be (-6)/(-4)*608/12. Let q = 84 - n. What is the remainder when g(-3) is divided by q?
3
Suppose -15 = -4*c + 13. Suppose -2*u - 3 = -c, -34 = -2*z - 3*u. Calculate the remainder when 39 is divided by z.
11
Suppose 25*s - 5*k + 580 = 30*s, -500 = -4*s + 5*k. What is the remainder when 44 is divided by 1/(-5) + (-456)/s + 22?
8
Suppose -15*x + 39 = -12*x. Let z(m) = -m**3 + 13*m**2 + 2*m - 3. What is the remainder when z(x) is divided by 3/7 - 264/(-21)?
10
Let u be (1264/64)/(1/(-12)). Let c = 279 + u. Calculate the remainder when 713 is divided by c.
41
Let o(y) = y**3 - 7*y**2 + 16*y - 34. Let b be o(6). Suppose -630 = 16*j - b*j. What is the remainder when j is divided by 22?
19
Let t(q) = q**3 + 3*q**2 + 53*q - 18. What is the remainder when 2505 is divided by t(6)?
9
Calculate the remainder when 28032 is divided by -3 + 5360/50 - 28/(-35).
102
Let w(b) = 3*b - 12 - 3*b + 2 + 2*b. Suppose -15 = 3*u, 2*m + 184 = -5*u + 169. Calculate the remainder when m is divided by w(7).
1
Let h = -243 + 248. Calculate the remainder when 6 is divided by (9/(-9))/(h/(-10)).
0
Let u be (-54)/(-4)*(-7)/(14/(-24)). Let x = u - 118. What is the remainder when 126 is divided by x?
38
Suppose 4*o + 8 + 0 = 0. Let c be o/(-4)*-82 + 1. Let n = c + 50. What is the remainder when 37 is divided by n?
7
Calculate the remainder when 675/(((-465)/(-18))/31) is divided by 390.
30
Let q(p) = -6*p**3 - 11*p**2 + 15*p - 17. Let s be q(6). Let o = -1603 - s. What is the remainder when o is divided by (9/(-4))/((-6)/16)?
4
Let v = -2 - -1. Calculate the remainder when (-3)/(-8)*(-7904)/(-78) is divided by (-1)/((-1)/12) - v.
12
Let j(d) = 3*d - 14. Let g(x) = x. Let n(y) = 2*g(y) - j(y). Let u be n(11). Calculate the remainder when 0 - (u - (9 - 2)) is divided by 2.
0
Let c = 38810 - 36763. What is the remainder when c is divided by 37?
12
Let g = -1900 - -2727. Calculate the remainder when g is divided by 54.
17
Let w(k) = 2*k**3 + 19*k**2 - 13*k - 32. Let m be w(-10). What is the remainder when 190 is divided by (-38)/(-76) - (249/(-6) - m)?
30
Let f = -288092 + 288264. Suppose -5*s + 3*d = -229, -2*s + 17 = -5*d - 86. What is the remainder when f is divided by s?
40
Let i(j) = -24*j + 55. Let p be i(6). Let l = p + 164. What is the remainder when l is divided by 16?
11
Suppose 21*h = -65*h - 21*h + 963. Calculate the remainder when 1292 is divided by h.
5
Suppose -7*v - 43 = -13*v + 47. Calculate the remainder when 13108 is divided by v.
13
Let y = -1073 - -1078. Calculate the remainder when 462 is divided by y.
2
What is the remainder when 449 is divided by 46 + -42*(-2)/(-6)?
1
Let t = 63 + -59. What is the remainder when 12/6*(-366)/(-12) is divided by t?
1
Let j = 9678 + -9563. Calculate the remainder when 444 is divided by j.
99
Let b = 4376 - 4025. What is the remainder when 1057 is divided by b?
4
Suppose -4*r - 120 = -5*o, 3*o + 9 = 5*r + 68. Suppose -12 - o = -4*i. Calculate the remainder when 17 is divided by i.
7
Let y be (-9)/2*9/(486/(-168)). Suppose -15*r + y*r = -84. What is the remainder when r is divided by 30?
24
Suppose -23149 = -14*z - 21595. Let t = 20 + -32. Calculate the remainder when z is divided by 4 + (-6)/3 - t.
13
Let l be (-1686 + 5)*1*-1. Suppose -3*m = -l + 6004. What is the remainder when 176 is divided by 8/6 + m/(-33)?
41
Suppose 2428 + 5012 = 30*x. Calculate the remainder when x is divided by 11.
6
Let o(y) = -87*y - 1646. Calculate the remainder when o(-26) is divided by 344.
272
Suppose 48*i - 44*i = f + 1717, -4*i + 1719 = -3*f. What is the remainder when i is divided by 232?
197
Let k(v) = -53*v - 762. What is the remainder when 135 is divided by k(-15)?
3
Let r(m) = -m**2 - 7*m - 7. Let x be 1 - (3 - (-1 + 5)). What is the remainder when (15/4)/(x/8) is divided by r(-2)?
0
Let t(y) = y**2 + 16*y + 1. Suppose 119*p - 2465 = 6473 + 7246. Calculate the remainder when p is divided by t(-19).
20
Calculate the remainder when 755 is divided by 3/(-12) - (-7)/(140/3125).
131
Let n = 1067 - 1954. Let c = n - -1208. What is the remainder when c is divided by 66?
57
Calculate the remainder when (-23)/((-5175)/350)*72 is divided by -2*((-23)/2 + 0).
20
Let i(f) = -20*f + 244. Calculate the remainder when 412 is divided by i(7).
100
Let t(u) = 5*u**2 - 5*u + 14. Let s = 980 - 685. Calculate the remainder when s is divided by t(-3).
73
Let g = -702 + 732. What is the remainder when (5 + 3)*(-87)/(-6) is divided by g?
26
Let g = -262 + 265. Let i be 144/63 - (-4)/(-14). Suppose -g*p + 62 = -5*q + q, i*p - 44 = 4*q. Calculate the remainder when 70 is divided by p.
16
Let j(z) = 106*z + 1632. Calculate the remainder when 751 is divided by j(-15).
37
Let m = -9 - -57. Let z = -43 + m. Let k(h) = 5*h - 8. What is the remainder when 32 is divided by k(z)?
15
Let r(a) = -a + 9. Let w(k) = -k**2 + 4*k + 9. Let u be w(-3). What is the remainder when 2/2*59*1 is divided by r(u)?
17
Suppose 9*x + 4*r = 7*x + 72, 8 = 4*r. What is the remainder when 2458 is divided by x?
26
Let z be ((-147)/(-14) - 1)/((-2)/(-12)). Let p = 59 - z. Suppose -3*s = p*s - 50. Calculate the remainder when 26 is divided by s.
6
Let r = 14 - 8. Let h = 1147 - 722. Suppose 0 = -17*t - 8*t + h. What is the remainder when t is divided by r?
5
Let w = 977 + -926. What is the remainder when 85 is divided by w?
34
Let d = 26806 - 7321. What is the remainder when d is divided by 21?
18
Let q(j) be the first derivative of j**3/3 + 49*j*